{"id":86,"date":"2019-03-07T12:18:46","date_gmt":"2019-03-07T11:18:46","guid":{"rendered":"http:\/\/goldenwire.fhstp.ac.at\/b\/?page_id=86"},"modified":"2021-11-09T08:13:25","modified_gmt":"2021-11-09T07:13:25","slug":"team","status":"publish","type":"page","link":"https:\/\/goldenwire.ustp.at\/b\/de\/team\/","title":{"rendered":"Team"},"content":{"rendered":"\n<p class=\"has-text-align-center\">Auf dieser Seite werden alle, die an der Planung und Umsetzung der Veranstaltung beteiligt sind kurz vorgestellt. Unterst\u00fctzt wird das Team von den Studierenden der FH St. P\u00f6lten.<\/p>\n\n\n\n<div class=\"wp-block-columns has-2-columns is-layout-flex wp-container-core-columns-is-layout-9d6595d7 wp-block-columns-is-layout-flex\">\n<div class=\"wp-block-column is-layout-flow wp-block-column-is-layout-flow\">\n<figure class=\"wp-block-image size-large\"><img loading=\"lazy\" decoding=\"async\" width=\"1024\" height=\"1024\" src=\"https:\/\/goldenwire.fhstp.ac.at\/b\/wp-content\/uploads\/2021\/08\/Fidler_Franz-1024x1024.jpg\" alt=\"\" class=\"wp-image-5517\" srcset=\"https:\/\/goldenwire.ustp.at\/b\/wp-content\/uploads\/2021\/08\/Fidler_Franz-1024x1024.jpg 1024w, https:\/\/goldenwire.ustp.at\/b\/wp-content\/uploads\/2021\/08\/Fidler_Franz-300x300.jpg 300w, https:\/\/goldenwire.ustp.at\/b\/wp-content\/uploads\/2021\/08\/Fidler_Franz-150x150.jpg 150w, https:\/\/goldenwire.ustp.at\/b\/wp-content\/uploads\/2021\/08\/Fidler_Franz-768x768.jpg 768w, https:\/\/goldenwire.ustp.at\/b\/wp-content\/uploads\/2021\/08\/Fidler_Franz-1536x1536.jpg 1536w, https:\/\/goldenwire.ustp.at\/b\/wp-content\/uploads\/2021\/08\/Fidler_Franz-2048x2048.jpg 2048w\" sizes=\"auto, (max-width: 1024px) 100vw, 1024px\" \/><\/figure>\n<\/div>\n\n\n\n<div class=\"wp-block-column is-layout-flow wp-block-column-is-layout-flow\">\n<h2 class=\"wp-block-heading\">Franz Fidler<\/h2>\n\n\n\n<p>Projektleitung<\/p>\n<\/div>\n<\/div>\n\n\n\n<div class=\"wp-block-columns has-2-columns is-layout-flex wp-container-core-columns-is-layout-9d6595d7 wp-block-columns-is-layout-flex\">\n<div class=\"wp-block-column is-layout-flow wp-block-column-is-layout-flow\">\n<figure class=\"wp-block-image\"><img loading=\"lazy\" decoding=\"async\" width=\"466\" height=\"466\" src=\"http:\/\/goldenwire.fhstp.ac.at\/b\/wp-content\/uploads\/2019\/04\/bock.jpeg\" alt=\"\" class=\"wp-image-2173\" srcset=\"https:\/\/goldenwire.ustp.at\/b\/wp-content\/uploads\/2019\/04\/bock.jpeg 466w, https:\/\/goldenwire.ustp.at\/b\/wp-content\/uploads\/2019\/04\/bock-150x150.jpeg 150w, https:\/\/goldenwire.ustp.at\/b\/wp-content\/uploads\/2019\/04\/bock-300x300.jpeg 300w\" sizes=\"auto, (max-width: 466px) 100vw, 466px\" \/><\/figure>\n<\/div>\n\n\n\n<div class=\"wp-block-column is-layout-flow wp-block-column-is-layout-flow\">\n<h2 class=\"wp-block-heading\">Michael Bock <\/h2>\n\n\n\n<h4 class=\"wp-block-heading\">und Studierende<\/h4>\n\n\n\n<p>Videotechnik, Aufbereitung der Beitr\u00e4ge, Kameratechnik<\/p>\n<\/div>\n<\/div>\n\n\n\n<div class=\"wp-block-columns has-2-columns is-layout-flex wp-container-core-columns-is-layout-9d6595d7 wp-block-columns-is-layout-flex\">\n<div class=\"wp-block-column is-layout-flow wp-block-column-is-layout-flow\">\n<figure class=\"wp-block-image\"><img loading=\"lazy\" decoding=\"async\" width=\"466\" height=\"466\" src=\"http:\/\/goldenwire.fhstp.ac.at\/b\/wp-content\/uploads\/2019\/04\/buechele.jpeg\" alt=\"\" class=\"wp-image-2172\" srcset=\"https:\/\/goldenwire.ustp.at\/b\/wp-content\/uploads\/2019\/04\/buechele.jpeg 466w, https:\/\/goldenwire.ustp.at\/b\/wp-content\/uploads\/2019\/04\/buechele-150x150.jpeg 150w, https:\/\/goldenwire.ustp.at\/b\/wp-content\/uploads\/2019\/04\/buechele-300x300.jpeg 300w\" sizes=\"auto, (max-width: 466px) 100vw, 466px\" \/><\/figure>\n<\/div>\n\n\n\n<div class=\"wp-block-column is-layout-flow wp-block-column-is-layout-flow\">\n<h2 class=\"wp-block-heading\"> Andreas Markus B\u00fcchele <\/h2>\n\n\n\n<h4 class=\"wp-block-heading\">und Studierende<\/h4>\n\n\n\n<p>Audiotechnik, Regie<\/p>\n<\/div>\n<\/div>\n\n\n\n<div class=\"wp-block-columns has-2-columns is-layout-flex wp-container-core-columns-is-layout-9d6595d7 wp-block-columns-is-layout-flex\">\n<div class=\"wp-block-column is-layout-flow wp-block-column-is-layout-flow\">\n<figure class=\"wp-block-image\"><img loading=\"lazy\" decoding=\"async\" width=\"466\" height=\"466\" src=\"http:\/\/goldenwire.fhstp.ac.at\/b\/wp-content\/uploads\/2019\/04\/hochreiter.jpeg\" alt=\"\" class=\"wp-image-2168\" srcset=\"https:\/\/goldenwire.ustp.at\/b\/wp-content\/uploads\/2019\/04\/hochreiter.jpeg 466w, https:\/\/goldenwire.ustp.at\/b\/wp-content\/uploads\/2019\/04\/hochreiter-150x150.jpeg 150w, https:\/\/goldenwire.ustp.at\/b\/wp-content\/uploads\/2019\/04\/hochreiter-300x300.jpeg 300w\" sizes=\"auto, (max-width: 466px) 100vw, 466px\" \/><\/figure>\n<\/div>\n\n\n\n<div class=\"wp-block-column is-layout-flow wp-block-column-is-layout-flow\">\n<h2 class=\"wp-block-heading\">Marlene Hochreiter<\/h2>\n\n\n\n<p>Organisation<\/p>\n<\/div>\n<\/div>\n\n\n\n<div class=\"wp-block-columns has-2-columns is-layout-flex wp-container-core-columns-is-layout-9d6595d7 wp-block-columns-is-layout-flex\">\n<div class=\"wp-block-column is-layout-flow wp-block-column-is-layout-flow\">\n<figure class=\"wp-block-image\"><img loading=\"lazy\" decoding=\"async\" width=\"466\" height=\"466\" src=\"http:\/\/goldenwire.fhstp.ac.at\/b\/wp-content\/uploads\/2019\/04\/temper.jpeg\" alt=\"\" class=\"wp-image-2175\" srcset=\"https:\/\/goldenwire.ustp.at\/b\/wp-content\/uploads\/2019\/04\/temper.jpeg 466w, https:\/\/goldenwire.ustp.at\/b\/wp-content\/uploads\/2019\/04\/temper-150x150.jpeg 150w, https:\/\/goldenwire.ustp.at\/b\/wp-content\/uploads\/2019\/04\/temper-300x300.jpeg 300w\" sizes=\"auto, (max-width: 466px) 100vw, 466px\" \/><\/figure>\n<\/div>\n\n\n\n<div class=\"wp-block-column is-layout-flow wp-block-column-is-layout-flow\">\n<h2 class=\"wp-block-heading\">Klaus Temper <\/h2>\n\n\n\n<h4 class=\"wp-block-heading\">und Studierende<\/h4>\n\n\n\n<p> Voting <\/p>\n<\/div>\n<\/div>\n\n\n\n<div class=\"wp-block-columns has-2-columns is-layout-flex wp-container-core-columns-is-layout-9d6595d7 wp-block-columns-is-layout-flex\">\n<div class=\"wp-block-column is-layout-flow wp-block-column-is-layout-flow\"><\/div>\n<\/div>\n\n\n\n<p class=\"has-text-align-center\">Grafikdesign, Webdesign, Animation und Sounddesign wurde vom Projektsemester SS2019 durchgef\u00fchrt. Beteiligte Mitglieder: Luca Liebich, Ren\u00e9 Machacek, Marius Mammerler, Marie Sch\u00e4fer, Andreas Steiner und Gabriel Widemann<\/p>\n\n\n\n<p class=\"has-text-align-center\">Formatentwicklung (Konzept und Wettbewerb): Rosa von Suess<\/p>\n","protected":false},"excerpt":{"rendered":"<p>Auf dieser Seite werden alle, die an der Planung und Umsetzung der Veranstaltung beteiligt sind kurz vorgestellt. Unterst\u00fctzt wird das Team von den Studierenden der FH St. P\u00f6lten. Franz Fidler Projektleitung Michael Bock und Studierende Videotechnik, Aufbereitung der Beitr\u00e4ge, Kameratechnik Andreas Markus B\u00fcchele und Studierende Audiotechnik, Regie Marlene Hochreiter Organisation Klaus Temper und Studierende Voting [&hellip;]<\/p>\n","protected":false},"author":1,"featured_media":0,"parent":0,"menu_order":0,"comment_status":"closed","ping_status":"closed","template":"","meta":{"footnotes":""},"class_list":["post-86","page","type-page","status-publish","hentry"],"jetpack_sharing_enabled":true,"_links":{"self":[{"href":"https:\/\/goldenwire.ustp.at\/b\/wp-json\/wp\/v2\/pages\/86","targetHints":{"allow":["GET"]}}],"collection":[{"href":"https:\/\/goldenwire.ustp.at\/b\/wp-json\/wp\/v2\/pages"}],"about":[{"href":"https:\/\/goldenwire.ustp.at\/b\/wp-json\/wp\/v2\/types\/page"}],"author":[{"embeddable":true,"href":"https:\/\/goldenwire.ustp.at\/b\/wp-json\/wp\/v2\/users\/1"}],"replies":[{"embeddable":true,"href":"https:\/\/goldenwire.ustp.at\/b\/wp-json\/wp\/v2\/comments?post=86"}],"version-history":[{"count":11,"href":"https:\/\/goldenwire.ustp.at\/b\/wp-json\/wp\/v2\/pages\/86\/revisions"}],"predecessor-version":[{"id":5566,"href":"https:\/\/goldenwire.ustp.at\/b\/wp-json\/wp\/v2\/pages\/86\/revisions\/5566"}],"wp:attachment":[{"href":"https:\/\/goldenwire.ustp.at\/b\/wp-json\/wp\/v2\/media?parent=86"}],"curies":[{"name":"wp","href":"https:\/\/api.w.org\/{rel}","templated":true}]}}